{"id":5578,"date":"2026-02-23T23:32:41","date_gmt":"2026-02-23T23:32:41","guid":{"rendered":"https:\/\/limoonhome.com\/?post_type=product&#038;p=5578"},"modified":"2026-02-23T23:32:41","modified_gmt":"2026-02-23T23:32:41","slug":"craft-moduler-kose-koltuk","status":"publish","type":"product","link":"https:\/\/limoonhome.com\/index.php\/urun\/craft-moduler-kose-koltuk\/","title":{"rendered":"Craft Mod\u00fcler K\u00f6\u015fe Koltuk"},"content":{"rendered":"","protected":false},"excerpt":{"rendered":"","protected":false},"featured_media":5584,"template":"","meta":[],"product_brand":[],"product_cat":[128,148],"product_tag":[],"class_list":{"0":"post-5578","1":"product","2":"type-product","3":"status-publish","4":"has-post-thumbnail","6":"product_cat-kose-koltuk","7":"product_cat-kose-koltuk-kose-koltuk","9":"first","10":"instock","11":"shipping-taxable","12":"product-type-woosb"},"_links":{"self":[{"href":"https:\/\/limoonhome.com\/index.php\/wp-json\/wp\/v2\/product\/5578","targetHints":{"allow":["GET"]}}],"collection":[{"href":"https:\/\/limoonhome.com\/index.php\/wp-json\/wp\/v2\/product"}],"about":[{"href":"https:\/\/limoonhome.com\/index.php\/wp-json\/wp\/v2\/types\/product"}],"wp:featuredmedia":[{"embeddable":true,"href":"https:\/\/limoonhome.com\/index.php\/wp-json\/wp\/v2\/media\/5584"}],"wp:attachment":[{"href":"https:\/\/limoonhome.com\/index.php\/wp-json\/wp\/v2\/media?parent=5578"}],"wp:term":[{"taxonomy":"product_brand","embeddable":true,"href":"https:\/\/limoonhome.com\/index.php\/wp-json\/wp\/v2\/product_brand?post=5578"},{"taxonomy":"product_cat","embeddable":true,"href":"https:\/\/limoonhome.com\/index.php\/wp-json\/wp\/v2\/product_cat?post=5578"},{"taxonomy":"product_tag","embeddable":true,"href":"https:\/\/limoonhome.com\/index.php\/wp-json\/wp\/v2\/product_tag?post=5578"}],"curies":[{"name":"wp","href":"https:\/\/api.w.org\/{rel}","templated":true}]}}